{"id":76995,"date":"2025-07-25T04:02:28","date_gmt":"2025-07-25T04:02:28","guid":{"rendered":"https:\/\/e.kosmolat.eu\/product\/esfolio-rose-sejas-maska-loksne-ar-rozudeni-25-ml\/"},"modified":"2026-03-31T08:13:36","modified_gmt":"2026-03-31T08:13:36","slug":"esfolio-auduma-sejas-maska-ar-rozudeni-25-ml","status":"publish","type":"product","link":"https:\/\/e.kosmolat.eu\/lv\/product\/esfolio-auduma-sejas-maska-ar-rozudeni-25-ml\/","title":{"rendered":"Esfolio Auduma sejas maska ar ro\u017e\u016bdeni, 25 ml"},"content":{"rendered":"<p>Maska ir bag\u0101tin\u0101ta ar damaskas ro\u017eu ziedu \u016bdeni un barojo\u0161\u0101m sast\u0101vda\u013c\u0101m, kas nodro\u0161ina intens\u012bvu mitrin\u0101\u0161anu un dzi\u013cu \u0101das kop\u0161anu.<\/p>\n<p>Lieto\u0161ana: 1. Not\u012briet seju un uzkl\u0101jiet toniku. 2. Iz\u0146emiet no iepakojuma masku un uzman\u012bgi uzkl\u0101jiet uz sejas. 3. P\u0113c 15-20 min. no\u0146emiet masku. Ja ir k\u0101di atlikumi, maigi iemas\u0113jiet tos \u0101d\u0101, l\u012bdz tie ir uzs\u016bku\u0161ies. <\/p>\n<p>BR\u012aDIN\u0100JUMI: 1. Ja, lietojot produktu, rodas izsitumi, piet\u016bkums, nieze vai citas nepat\u012bkamas saj\u016btas, nekav\u0113joties p\u0101rtrauciet lieto\u0161anu un konsult\u0113jieties ar dermatologu. 2. Nelietojiet uz boj\u0101tas vai kairin\u0101tas \u0101das. 3. Nelietojiet uz \u0101das ap ac\u012bm.<\/p>\n<p>Piesardz\u012bbas pas\u0101kumi: Uzglab\u0101t b\u0113rniem nepieejam\u0101 viet\u0101. Sarg\u0101t no tie\u0161iem saules stariem.<\/p>\n<p>Uzglab\u0101t temperat\u016br\u0101 no +5 \u00b0C l\u012bdz +25 \u00b0C.<\/p>\n","protected":false},"excerpt":{"rendered":"<p>Maska ir bag\u0101tin\u0101ta ar damaskas ro\u017eu ziedu \u016bdeni un barojo\u0161\u0101m sast\u0101vda\u013c\u0101m, kas nodro\u0161ina intens\u012bvu mitrin\u0101\u0161anu un dzi\u013cu \u0101das kop\u0161anu. Lieto\u0161ana: 1. Not\u012briet seju un uzkl\u0101jiet toniku. 2. Iz\u0146emiet no iepakojuma masku un uzman\u012bgi uzkl\u0101jiet uz sejas. 3. P\u0113c 15-20 min. no\u0146emiet masku. Ja ir k\u0101di atlikumi, maigi iemas\u0113jiet tos \u0101d\u0101, l\u012bdz tie ir uzs\u016bku\u0161ies. BR\u012aDIN\u0100JUMI: [&#8230;]\n","protected":false},"featured_media":96250,"template":"","meta":[],"product_cat":[1367],"product_tag":[],"class_list":{"0":"post-76995","1":"product","2":"type-product","3":"status-publish","4":"has-post-thumbnail","6":"product_brand-replay_kr","7":"product_cat-sejas-maskas","9":"first","10":"instock","11":"taxable","12":"shipping-taxable","13":"product-type-simple"},"_links":{"self":[{"href":"https:\/\/e.kosmolat.eu\/lv\/wp-json\/wp\/v2\/product\/76995","targetHints":{"allow":["GET"]}}],"collection":[{"href":"https:\/\/e.kosmolat.eu\/lv\/wp-json\/wp\/v2\/product"}],"about":[{"href":"https:\/\/e.kosmolat.eu\/lv\/wp-json\/wp\/v2\/types\/product"}],"wp:featuredmedia":[{"embeddable":true,"href":"https:\/\/e.kosmolat.eu\/lv\/wp-json\/wp\/v2\/media\/96250"}],"wp:attachment":[{"href":"https:\/\/e.kosmolat.eu\/lv\/wp-json\/wp\/v2\/media?parent=76995"}],"wp:term":[{"taxonomy":"product_cat","embeddable":true,"href":"https:\/\/e.kosmolat.eu\/lv\/wp-json\/wp\/v2\/product_cat?post=76995"},{"taxonomy":"product_tag","embeddable":true,"href":"https:\/\/e.kosmolat.eu\/lv\/wp-json\/wp\/v2\/product_tag?post=76995"}],"curies":[{"name":"wp","href":"https:\/\/api.w.org\/{rel}","templated":true}]}}

Esfolio Auduma sejas maska ar rožūdeni, 25 ml

<p>Maska ir bagātināta ar damaskas rožu ziedu ūdeni un barojošām sastāvdaļām, kas nodrošina intensīvu mitrināšanu un dziļu ādas kopšanu.</p>
<p>Lietošana: 1. Notīriet seju un uzklājiet toniku. 2. Izņemiet no iepakojuma masku un uzmanīgi uzklājiet uz sejas. 3. Pēc 15-20 min. noņemiet masku. Ja ir kādi atlikumi, maigi iemasējiet tos ādā, līdz tie ir uzsūkušies. </p>
<p>BRĪDINĀJUMI: 1. Ja, lietojot produktu, rodas izsitumi, pietūkums, nieze vai citas nepatīkamas sajūtas, nekavējoties pārtrauciet lietošanu un konsultējieties ar dermatologu. 2. Nelietojiet uz bojātas vai kairinātas ādas. 3. Nelietojiet uz ādas ap acīm.</p>
<p>Piesardzības pasākumi: Uzglabāt bērniem nepieejamā vietā. Sargāt no tiešiem saules stariem.</p>
<p>Uzglabāt temperatūrā no +5 °C līdz +25 °C.</p>

<p>Maska ir bagātināta ar damaskas rožu ziedu ūdeni un barojošām sastāvdaļām, kas nodrošina intensīvu mitrināšanu un dziļu ādas kopšanu. Lietošana: 1. Notīriet seju un uzklājiet toniku. 2. Izņemiet no iepakojuma masku un uzmanīgi uzklājiet uz sejas. 3. Pēc 15-20 min. noņemiet masku. Ja ir kādi atlikumi, maigi iemasējiet tos ādā, līdz tie ir uzsūkušies. BRĪDINĀJUMI: [&#8230;]
