{"id":59645,"date":"2024-12-04T05:07:51","date_gmt":"2024-12-04T05:07:51","guid":{"rendered":"https:\/\/e.kosmolat.eu\/product\/viva-oliva-davanu-kompl-olivu-no-1-roku-kr-275-ml-balzams-kaj-275-ml\/"},"modified":"2026-04-23T06:41:03","modified_gmt":"2026-04-23T06:41:03","slug":"viva-oliva-davanu-kompl-olivu-no-1-roku-kr-275-ml-balzams-kaj-275-ml","status":"publish","type":"product","link":"https:\/\/e.kosmolat.eu\/lv\/product\/viva-oliva-davanu-kompl-olivu-no-1-roku-kr-275-ml-balzams-kaj-275-ml\/","title":{"rendered":"Viva Oliva D\u0101vanu kompl. Ol\u012bvu No. 1 (Roku kr., 275 ml + Balzams k\u0101j., 275 ml)"},"content":{"rendered":"<p>Komplekta saturs:<\/p>\n<p>1. Mitrino\u0161s un m\u012bkstino\u0161s roku kr\u0113ms ar ol\u012bve\u013c\u013cu un v\u012bnogu e\u013c\u013cu<br \/>\nLieto\u0161ana: ar mas\u0113jo\u0161\u0101m kust\u012bb\u0101m uzkl\u0101jiet uz t\u012bras roku \u0101das, piev\u0113r\u0161ot \u012bpa\u0161u uzman\u012bbu nagu pl\u0101ksn\u0113m. <\/p>\n<p>2. Atv\u0113sino\u0161s balzams noguru\u0161\u0101m k\u0101j\u0101m ar ol\u012bve\u013c\u013cu un piparmetras e\u013c\u013cu<br \/>\nLieto\u0161ana: ar mas\u0113jo\u0161\u0101m kust\u012bb\u0101m uzkl\u0101jiet uz t\u012bras k\u0101ju \u0101das.<\/p>\n<p>Piesardz\u012bbas pas\u0101kumi: tikai \u0101r\u012bgai lieto\u0161anai. Ja iek\u013c\u016bst ac\u012bs, r\u016bp\u012bgi izskalojiet t\u0101s ar \u016bdeni, ja nepiecie\u0161ams, konsult\u0113jieties ar \u0101rstu.<\/p>\n<p>Br\u012bdin\u0101jums: iesp\u0113jama individu\u0101la paaugstin\u0101ta jut\u012bba pret atsevi\u0161\u0137\u0101m sast\u0101vda\u013c\u0101m. <\/p>\n<p>Der\u012bguma termi\u0146\u0161: 24 m\u0113ne\u0161i no izgatavo\u0161anas datuma.<\/p>\n<p>Uzglab\u0101t temperat\u016br\u0101 no +5 \u00b0C l\u012bdz +25\u00b0C, sarg\u0101jot no tie\u0161iem saules stariem. Uzglab\u0101t vismaz 0,5 m att\u0101lum\u0101 no apkures ier\u012bc\u0113m.<\/p>\n","protected":false},"excerpt":{"rendered":"<p>Komplekta saturs: 1. Mitrino\u0161s un m\u012bkstino\u0161s roku kr\u0113ms ar ol\u012bve\u013c\u013cu un v\u012bnogu e\u013c\u013cu Lieto\u0161ana: ar mas\u0113jo\u0161\u0101m kust\u012bb\u0101m uzkl\u0101jiet uz t\u012bras roku \u0101das, piev\u0113r\u0161ot \u012bpa\u0161u uzman\u012bbu nagu pl\u0101ksn\u0113m. 2. Atv\u0113sino\u0161s balzams noguru\u0161\u0101m k\u0101j\u0101m ar ol\u012bve\u013c\u013cu un piparmetras e\u013c\u013cu Lieto\u0161ana: ar mas\u0113jo\u0161\u0101m kust\u012bb\u0101m uzkl\u0101jiet uz t\u012bras k\u0101ju \u0101das. Piesardz\u012bbas pas\u0101kumi: tikai \u0101r\u012bgai lieto\u0161anai. Ja iek\u013c\u016bst ac\u012bs, r\u016bp\u012bgi [&#8230;]\n","protected":false},"featured_media":107444,"template":"","meta":[],"product_cat":[1853],"product_tag":[],"class_list":{"0":"post-59645","1":"product","2":"type-product","3":"status-publish","4":"has-post-thumbnail","6":"product_brand-aljans-krasoti_ua","7":"product_cat-davanu-komplekti-sievietem","9":"first","10":"instock","11":"taxable","12":"shipping-taxable","13":"product-type-simple"},"_links":{"self":[{"href":"https:\/\/e.kosmolat.eu\/lv\/wp-json\/wp\/v2\/product\/59645","targetHints":{"allow":["GET"]}}],"collection":[{"href":"https:\/\/e.kosmolat.eu\/lv\/wp-json\/wp\/v2\/product"}],"about":[{"href":"https:\/\/e.kosmolat.eu\/lv\/wp-json\/wp\/v2\/types\/product"}],"wp:featuredmedia":[{"embeddable":true,"href":"https:\/\/e.kosmolat.eu\/lv\/wp-json\/wp\/v2\/media\/107444"}],"wp:attachment":[{"href":"https:\/\/e.kosmolat.eu\/lv\/wp-json\/wp\/v2\/media?parent=59645"}],"wp:term":[{"taxonomy":"product_cat","embeddable":true,"href":"https:\/\/e.kosmolat.eu\/lv\/wp-json\/wp\/v2\/product_cat?post=59645"},{"taxonomy":"product_tag","embeddable":true,"href":"https:\/\/e.kosmolat.eu\/lv\/wp-json\/wp\/v2\/product_tag?post=59645"}],"curies":[{"name":"wp","href":"https:\/\/api.w.org\/{rel}","templated":true}]}}

Viva Oliva Dāvanu kompl. Olīvu No. 1 (Roku kr., 275 ml + Balzams kāj., 275 ml)

<p>Komplekta saturs:</p>
<p>1. Mitrinošs un mīkstinošs roku krēms ar olīveļļu un vīnogu eļļu<br />
Lietošana: ar masējošām kustībām uzklājiet uz tīras roku ādas, pievēršot īpašu uzmanību nagu plāksnēm. </p>
<p>2. Atvēsinošs balzams nogurušām kājām ar olīveļļu un piparmetras eļļu<br />
Lietošana: ar masējošām kustībām uzklājiet uz tīras kāju ādas.</p>
<p>Piesardzības pasākumi: tikai ārīgai lietošanai. Ja iekļūst acīs, rūpīgi izskalojiet tās ar ūdeni, ja nepieciešams, konsultējieties ar ārstu.</p>
<p>Brīdinājums: iespējama individuāla paaugstināta jutība pret atsevišķām sastāvdaļām. </p>
<p>Derīguma termiņš: 24 mēneši no izgatavošanas datuma.</p>
<p>Uzglabāt temperatūrā no +5 °C līdz +25°C, sargājot no tiešiem saules stariem. Uzglabāt vismaz 0,5 m attālumā no apkures ierīcēm.</p>

<p>Komplekta saturs: 1. Mitrinošs un mīkstinošs roku krēms ar olīveļļu un vīnogu eļļu Lietošana: ar masējošām kustībām uzklājiet uz tīras roku ādas, pievēršot īpašu uzmanību nagu plāksnēm. 2. Atvēsinošs balzams nogurušām kājām ar olīveļļu un piparmetras eļļu Lietošana: ar masējošām kustībām uzklājiet uz tīras kāju ādas. Piesardzības pasākumi: tikai ārīgai lietošanai. Ja iekļūst acīs, rūpīgi [&#8230;]
