{"id":56465,"date":"2024-10-04T04:06:17","date_gmt":"2024-10-04T04:06:17","guid":{"rendered":"https:\/\/e.kosmolat.eu\/product\/esfolio-aloe-sejas-maska-loksne-ar-alvejas-ekstr-25-ml\/"},"modified":"2026-04-22T08:44:09","modified_gmt":"2026-04-22T08:44:09","slug":"esfolio-auduma-sejas-maska-ar-alvejas-ekstr-25-ml","status":"publish","type":"product","link":"https:\/\/e.kosmolat.eu\/lv\/product\/esfolio-auduma-sejas-maska-ar-alvejas-ekstr-25-ml\/","title":{"rendered":"ESFOLIO Auduma sejas maska ar alvejas ekstr., 25 ml"},"content":{"rendered":"<p>Bag\u0101tin\u0101ta ar Aloe Barbadensis lapu ekstraktu, Chaenomeles Sinensis aug\u013cu ekstraktu un Portulaca Oleracea ekstraktu, kas nodro\u0161ina bag\u0101t\u012bgu mitrin\u0101\u0161anu un baro\u0161anu, k\u0101 ar\u012b nomierina jut\u012bgu \u0101du.<\/p>\n<p>Lieto\u0161ana: 1. Not\u012briet seju un uzkl\u0101jiet toniku. 2. Iz\u0146emiet no iepakojuma masku un uzman\u012bgi uzkl\u0101jiet uz sejas. 3. P\u0113c 15-20 min. no\u0146emiet masku. Ja ir k\u0101di atlikumi, maigi iemas\u0113jiet tos \u0101d\u0101, l\u012bdz tie ir uzs\u016bku\u0161ies. <\/p>\n<p>BR\u012aDIN\u0100JUMI: 1. Ja, lietojot produktu, rodas izsitumi, piet\u016bkums, nieze vai citas nepat\u012bkamas saj\u016btas, nekav\u0113joties p\u0101rtrauciet lieto\u0161anu un konsult\u0113jieties ar dermatologu. 2. Nelietojiet uz boj\u0101tas vai kairin\u0101tas \u0101das. 3. Nelietojiet uz \u0101das ap ac\u012bm.<\/p>\n<p>Piesardz\u012bbas pas\u0101kumi: Uzglab\u0101t b\u0113rniem nepieejam\u0101 viet\u0101. Sarg\u0101t no tie\u0161iem saules stariem.<\/p>\n<p>Uzglab\u0101t temperat\u016br\u0101 no +5 \u00b0C l\u012bdz +25 \u00b0C.<\/p>\n","protected":false},"excerpt":{"rendered":"<p>Bag\u0101tin\u0101ta ar Aloe Barbadensis lapu ekstraktu, Chaenomeles Sinensis aug\u013cu ekstraktu un Portulaca Oleracea ekstraktu, kas nodro\u0161ina bag\u0101t\u012bgu mitrin\u0101\u0161anu un baro\u0161anu, k\u0101 ar\u012b nomierina jut\u012bgu \u0101du. Lieto\u0161ana: 1. Not\u012briet seju un uzkl\u0101jiet toniku. 2. Iz\u0146emiet no iepakojuma masku un uzman\u012bgi uzkl\u0101jiet uz sejas. 3. P\u0113c 15-20 min. no\u0146emiet masku. Ja ir k\u0101di atlikumi, maigi iemas\u0113jiet tos [&#8230;]\n","protected":false},"featured_media":97756,"template":"","meta":[],"product_cat":[1367],"product_tag":[],"class_list":{"0":"post-56465","1":"product","2":"type-product","3":"status-publish","4":"has-post-thumbnail","6":"product_brand-replay_kr","7":"product_cat-sejas-maskas","9":"first","10":"instock","11":"taxable","12":"shipping-taxable","13":"product-type-simple"},"_links":{"self":[{"href":"https:\/\/e.kosmolat.eu\/lv\/wp-json\/wp\/v2\/product\/56465","targetHints":{"allow":["GET"]}}],"collection":[{"href":"https:\/\/e.kosmolat.eu\/lv\/wp-json\/wp\/v2\/product"}],"about":[{"href":"https:\/\/e.kosmolat.eu\/lv\/wp-json\/wp\/v2\/types\/product"}],"wp:featuredmedia":[{"embeddable":true,"href":"https:\/\/e.kosmolat.eu\/lv\/wp-json\/wp\/v2\/media\/97756"}],"wp:attachment":[{"href":"https:\/\/e.kosmolat.eu\/lv\/wp-json\/wp\/v2\/media?parent=56465"}],"wp:term":[{"taxonomy":"product_cat","embeddable":true,"href":"https:\/\/e.kosmolat.eu\/lv\/wp-json\/wp\/v2\/product_cat?post=56465"},{"taxonomy":"product_tag","embeddable":true,"href":"https:\/\/e.kosmolat.eu\/lv\/wp-json\/wp\/v2\/product_tag?post=56465"}],"curies":[{"name":"wp","href":"https:\/\/api.w.org\/{rel}","templated":true}]}}

<p>Bagātināta ar Aloe Barbadensis lapu ekstraktu, Chaenomeles Sinensis augļu ekstraktu un Portulaca Oleracea ekstraktu, kas nodrošina bagātīgu mitrināšanu un barošanu, kā arī nomierina jutīgu ādu.</p>
<p>Lietošana: 1. Notīriet seju un uzklājiet toniku. 2. Izņemiet no iepakojuma masku un uzmanīgi uzklājiet uz sejas. 3. Pēc 15-20 min. noņemiet masku. Ja ir kādi atlikumi, maigi iemasējiet tos ādā, līdz tie ir uzsūkušies. </p>
<p>BRĪDINĀJUMI: 1. Ja, lietojot produktu, rodas izsitumi, pietūkums, nieze vai citas nepatīkamas sajūtas, nekavējoties pārtrauciet lietošanu un konsultējieties ar dermatologu. 2. Nelietojiet uz bojātas vai kairinātas ādas. 3. Nelietojiet uz ādas ap acīm.</p>
<p>Piesardzības pasākumi: Uzglabāt bērniem nepieejamā vietā. Sargāt no tiešiem saules stariem.</p>
<p>Uzglabāt temperatūrā no +5 °C līdz +25 °C.</p>

<p>Bagātināta ar Aloe Barbadensis lapu ekstraktu, Chaenomeles Sinensis augļu ekstraktu un Portulaca Oleracea ekstraktu, kas nodrošina bagātīgu mitrināšanu un barošanu, kā arī nomierina jutīgu ādu. Lietošana: 1. Notīriet seju un uzklājiet toniku. 2. Izņemiet no iepakojuma masku un uzmanīgi uzklājiet uz sejas. 3. Pēc 15-20 min. noņemiet masku. Ja ir kādi atlikumi, maigi iemasējiet tos [&#8230;]
