{"id":51794,"date":"2024-05-17T04:06:39","date_gmt":"2024-05-17T04:06:39","guid":{"rendered":"https:\/\/e.kosmolat.eu\/product\/skin-love-kr-ar-c-vitaminu-kombnin-un-taukainai-sejas-adai-60-g\/"},"modified":"2025-09-20T05:11:42","modified_gmt":"2025-09-20T05:11:42","slug":"skin-love-kr-ar-c-vitaminu-kombnin-un-taukainai-sejas-adai-60-g","status":"publish","type":"product","link":"https:\/\/e.kosmolat.eu\/lv\/product\/skin-love-kr-ar-c-vitaminu-kombnin-un-taukainai-sejas-adai-60-g\/","title":{"rendered":"Skin Love Kr. ar C vitam\u012bnu kombnin. un taukainai sejas \u0101dai, 60 g"},"content":{"rendered":"<p>C vitam\u012bns pal\u0113nina noveco&scaron;an\u0101s procesu un nodro&scaron;ina antioksidantu aizsardz\u012bbu, palielina \u0101das elast\u012bbu un uzlabo sejas kr\u0101su, pie&scaron;\u0137irot \u0101dai maigu mirdzumu un gludumu.<\/p>\n<p><strong>Lieto&scaron;ana:<\/strong> uzkl\u0101t uz sausas, att\u012br\u012btas, sejas un dekolt\u0113 zonas \u0101das un maigi sadal\u012bt pa mas\u0101\u017eas l\u012bnij\u0101m.&nbsp;Var lietot k\u0101 grima b\u0101zi.<\/p>\n<p>Uzglab\u0101t temperat\u016br\u0101 no +5 &deg;\u0421 l\u012bdz +25 &deg;\u0421.&nbsp;<\/p>\n<p><strong>Der\u012bguma termi\u0146&scaron;:<\/strong> 36 m\u0113ne&scaron;i.<br \/>\n&nbsp;<\/p>\n","protected":false},"excerpt":{"rendered":"<p>C vitam\u012bns pal\u0113nina noveco&scaron;an\u0101s procesu un nodro&scaron;ina antioksidantu aizsardz\u012bbu, palielina \u0101das elast\u012bbu un uzlabo sejas kr\u0101su, pie&scaron;\u0137irot \u0101dai maigu mirdzumu un gludumu. Lieto&scaron;ana: uzkl\u0101t uz sausas, att\u012br\u012btas, sejas un dekolt\u0113 zonas \u0101das un maigi sadal\u012bt pa mas\u0101\u017eas l\u012bnij\u0101m.&nbsp;Var lietot k\u0101 grima b\u0101zi. Uzglab\u0101t temperat\u016br\u0101 no +5 &deg;\u0421 l\u012bdz +25 &deg;\u0421.&nbsp; Der\u012bguma termi\u0146&scaron;: 36 m\u0113ne&scaron;i. &nbsp;<\/p>\n","protected":false},"featured_media":78494,"template":"","meta":[],"product_cat":[1322],"product_tag":[],"class_list":{"0":"post-51794","1":"product","2":"type-product","3":"status-publish","4":"has-post-thumbnail","6":"product_brand-belkosmex_by","7":"product_cat-veido-kremai","9":"first","10":"outofstock","11":"taxable","12":"shipping-taxable","13":"product-type-simple"},"_links":{"self":[{"href":"https:\/\/e.kosmolat.eu\/lv\/wp-json\/wp\/v2\/product\/51794","targetHints":{"allow":["GET"]}}],"collection":[{"href":"https:\/\/e.kosmolat.eu\/lv\/wp-json\/wp\/v2\/product"}],"about":[{"href":"https:\/\/e.kosmolat.eu\/lv\/wp-json\/wp\/v2\/types\/product"}],"wp:featuredmedia":[{"embeddable":true,"href":"https:\/\/e.kosmolat.eu\/lv\/wp-json\/wp\/v2\/media\/78494"}],"wp:attachment":[{"href":"https:\/\/e.kosmolat.eu\/lv\/wp-json\/wp\/v2\/media?parent=51794"}],"wp:term":[{"taxonomy":"product_cat","embeddable":true,"href":"https:\/\/e.kosmolat.eu\/lv\/wp-json\/wp\/v2\/product_cat?post=51794"},{"taxonomy":"product_tag","embeddable":true,"href":"https:\/\/e.kosmolat.eu\/lv\/wp-json\/wp\/v2\/product_tag?post=51794"}],"curies":[{"name":"wp","href":"https:\/\/api.w.org\/{rel}","templated":true}]}}

Skin Love Kr. ar C vitamīnu kombnin. un taukainai sejas ādai, 60 g

<p>C vitamīns palēnina noveco&scaron;anās procesu un nodro&scaron;ina antioksidantu aizsardzību, palielina ādas elastību un uzlabo sejas krāsu, pie&scaron;ķirot ādai maigu mirdzumu un gludumu.</p>
<p><strong>Lieto&scaron;ana:</strong> uzklāt uz sausas, attīrītas, sejas un dekoltē zonas ādas un maigi sadalīt pa masāžas līnijām.&nbsp;Var lietot kā grima bāzi.</p>
<p>Uzglabāt temperatūrā no +5 &deg;С līdz +25 &deg;С.&nbsp;</p>
<p><strong>Derīguma termiņ&scaron;:</strong> 36 mēne&scaron;i.<br />
&nbsp;</p>

<p>C vitamīns palēnina noveco&scaron;anās procesu un nodro&scaron;ina antioksidantu aizsardzību, palielina ādas elastību un uzlabo sejas krāsu, pie&scaron;ķirot ādai maigu mirdzumu un gludumu. Lieto&scaron;ana: uzklāt uz sausas, attīrītas, sejas un dekoltē zonas ādas un maigi sadalīt pa masāžas līnijām.&nbsp;Var lietot kā grima bāzi. Uzglabāt temperatūrā no +5 &deg;С līdz +25 &deg;С.&nbsp; Derīguma termiņ&scaron;: 36 mēne&scaron;i. &nbsp;</p>
