{"id":32009,"date":"2023-12-19T23:14:16","date_gmt":"2023-12-19T23:14:16","guid":{"rendered":"https:\/\/e.kosmolat.eu\/product\/achromin-balinoss-krems-ar-uv-filtriem-45-%d0%bce\/"},"modified":"2026-04-23T06:40:17","modified_gmt":"2026-04-23T06:40:17","slug":"achromin-balinoss-krems-ar-uv-filtriem-45-ml","status":"publish","type":"product","link":"https:\/\/e.kosmolat.eu\/lv\/product\/achromin-balinoss-krems-ar-uv-filtriem-45-ml\/","title":{"rendered":"ACHROMIN Balino\u0161s kr\u0113ms ar UV filtriem, 45 ml"},"content":{"rendered":"<p>Efekt\u012bvi \u0441\u012bn\u0101s ar pigment\u0101ciju un vecuma plankumiem, aizsarg\u0101jot no saules staru kait\u012bg\u0101s ietekmes.<\/p>\n<p><strong>Lieto&scaron;ana: <\/strong>uzkl\u0101t kr\u0113mu uz att\u012br\u012btu sejas \u0101du ar viegl\u0101m mas\u0101\u017eas kust\u012bb\u0101m. Piem\u0113rots visiem \u0101das tipiem. Izmantojiet katru dienu no r\u012bta un vakar\u0101.<\/p>\n<p><strong>Piesardz\u012bbas pas\u0101kumi:<\/strong> nelietot b\u0113rniem l\u012bdz 5 gadu vecumam vai individu\u0101las sast\u0101vda\u013cu nepanes\u012bbas gad\u012bjum\u0101. Izvair\u012bties no saskares ar ac\u012bm. Ja iek\u013c\u016bst ac\u012bs, izskalot ar lielu daudzumu \u016bdens. Izvair\u012bties no saskares ar g\u013cot\u0101d\u0101m un atkl\u0101t\u0101m br\u016bc\u0113m.<\/p>\n<p>Uzglab\u0101t temperat\u016br\u0101 no +5 &deg;C l\u012bdz +25 &deg;C, b\u0113rniem nepieejam\u0101 viet\u0101, sarg\u0101jot no tie&scaron;iem saules stariem.<\/p>\n<p><strong>Der\u012bguma termi\u0146&scaron;:<\/strong> 3 gadi no izgatavo&scaron;anas datuma.&nbsp;<br \/>\n&nbsp;<\/p>\n","protected":false},"excerpt":{"rendered":"<p>Efekt\u012bvi \u0441\u012bn\u0101s ar pigment\u0101ciju un vecuma plankumiem, aizsarg\u0101jot no saules staru kait\u012bg\u0101s ietekmes. Lieto&scaron;ana: uzkl\u0101t kr\u0113mu uz att\u012br\u012btu sejas \u0101du ar viegl\u0101m mas\u0101\u017eas kust\u012bb\u0101m. Piem\u0113rots visiem \u0101das tipiem. Izmantojiet katru dienu no r\u012bta un vakar\u0101. Piesardz\u012bbas pas\u0101kumi: nelietot b\u0113rniem l\u012bdz 5 gadu vecumam vai individu\u0101las sast\u0101vda\u013cu nepanes\u012bbas gad\u012bjum\u0101. Izvair\u012bties no saskares ar ac\u012bm. Ja iek\u013c\u016bst [&#8230;]\n","protected":false},"featured_media":90006,"template":"","meta":[],"product_cat":[1322],"product_tag":[],"class_list":{"0":"post-32009","1":"product","2":"type-product","3":"status-publish","4":"has-post-thumbnail","6":"product_brand-danhson_bg","7":"product_cat-veido-kremai","9":"first","10":"instock","11":"taxable","12":"shipping-taxable","13":"product-type-simple"},"_links":{"self":[{"href":"https:\/\/e.kosmolat.eu\/lv\/wp-json\/wp\/v2\/product\/32009","targetHints":{"allow":["GET"]}}],"collection":[{"href":"https:\/\/e.kosmolat.eu\/lv\/wp-json\/wp\/v2\/product"}],"about":[{"href":"https:\/\/e.kosmolat.eu\/lv\/wp-json\/wp\/v2\/types\/product"}],"wp:featuredmedia":[{"embeddable":true,"href":"https:\/\/e.kosmolat.eu\/lv\/wp-json\/wp\/v2\/media\/90006"}],"wp:attachment":[{"href":"https:\/\/e.kosmolat.eu\/lv\/wp-json\/wp\/v2\/media?parent=32009"}],"wp:term":[{"taxonomy":"product_cat","embeddable":true,"href":"https:\/\/e.kosmolat.eu\/lv\/wp-json\/wp\/v2\/product_cat?post=32009"},{"taxonomy":"product_tag","embeddable":true,"href":"https:\/\/e.kosmolat.eu\/lv\/wp-json\/wp\/v2\/product_tag?post=32009"}],"curies":[{"name":"wp","href":"https:\/\/api.w.org\/{rel}","templated":true}]}}

ACHROMIN Balinošs krēms ar UV filtriem, 45 ml

<p>Efektīvi сīnās ar pigmentāciju un vecuma plankumiem, aizsargājot no saules staru kaitīgās ietekmes.</p>
<p><strong>Lieto&scaron;ana: </strong>uzklāt krēmu uz attīrītu sejas ādu ar vieglām masāžas kustībām. Piemērots visiem ādas tipiem. Izmantojiet katru dienu no rīta un vakarā.</p>
<p><strong>Piesardzības pasākumi:</strong> nelietot bērniem līdz 5 gadu vecumam vai individuālas sastāvdaļu nepanesības gadījumā. Izvairīties no saskares ar acīm. Ja iekļūst acīs, izskalot ar lielu daudzumu ūdens. Izvairīties no saskares ar gļotādām un atklātām brūcēm.</p>
<p>Uzglabāt temperatūrā no +5 &deg;C līdz +25 &deg;C, bērniem nepieejamā vietā, sargājot no tie&scaron;iem saules stariem.</p>
<p><strong>Derīguma termiņ&scaron;:</strong> 3 gadi no izgatavo&scaron;anas datuma.&nbsp;<br />
&nbsp;</p>

<p>Efektīvi сīnās ar pigmentāciju un vecuma plankumiem, aizsargājot no saules staru kaitīgās ietekmes. Lieto&scaron;ana: uzklāt krēmu uz attīrītu sejas ādu ar vieglām masāžas kustībām. Piemērots visiem ādas tipiem. Izmantojiet katru dienu no rīta un vakarā. Piesardzības pasākumi: nelietot bērniem līdz 5 gadu vecumam vai individuālas sastāvdaļu nepanesības gadījumā. Izvairīties no saskares ar acīm. Ja iekļūst [&#8230;]
