{"id":31377,"date":"2023-12-19T22:19:45","date_gmt":"2023-12-19T22:19:45","guid":{"rendered":"https:\/\/e.kosmolat.eu\/product\/plant-adv-aloe-vera-mitrin-un-nomierin-kerm-zel-490-g\/"},"modified":"2025-09-20T01:38:37","modified_gmt":"2025-09-20T01:38:37","slug":"plant-adv-aloe-vera-mitrin-un-nomierin-kerm-zel-490-g","status":"publish","type":"product","link":"https:\/\/e.kosmolat.eu\/lv\/product\/plant-adv-aloe-vera-mitrin-un-nomierin-kerm-zel-490-g\/","title":{"rendered":"Plant Adv. Aloe Vera Mitrin. un nomierin. \u0137erm. \u017eel, 490 g"},"content":{"rendered":"<p>Akt\u012bv\u0101s sast\u0101vda\u013cas dzi\u013ci mitrina, nomierina, m\u012bkstina un izl\u012bdzina \u0101das mikroreljefu.<\/p>\n<ul>\n<li>Beta\u012bns, kas ieg\u016bts no cukurbie&scaron;u sulas, nodro&scaron;ina mitrino&scaron;u, m\u012bkstino&scaron;u un nomierino&scaron;u efektu, man\u0101mi uzlabojot \u0101das izskatu.<\/li>\n<li>Alanto\u012bnam piem\u012bt m\u012bkstino&scaron;as un p\u012blinga \u012bpa&scaron;\u012bbas, k\u0101 rezult\u0101t\u0101 tiek sekm\u0113ta \u0101das &scaron;\u016bnu atjauno&scaron;an\u0101s, nov\u0113rsta poru aizsprosto&scaron;an\u0101s.<\/li>\n<\/ul>\n<p><strong>Lieto&scaron;ana:<\/strong> uzkl\u0101t uz t\u012bras, sausas \u0101das vienm\u0113r\u012bgi pl\u0101n\u0101 k\u0101rt\u0101. Piem\u0113rots ikdienas lieto&scaron;anai, visiem \u0101das tipiem.&nbsp;<\/p>\n<p>Uzglab\u0101t t&deg; no +5 &deg;\u0421 l\u012bdz +25 &deg;\u0421, sarg\u0101jot no tie&scaron;iem saules stariem.&nbsp;<br \/>\n&nbsp;<\/p>\n","protected":false},"excerpt":{"rendered":"<p>Akt\u012bv\u0101s sast\u0101vda\u013cas dzi\u013ci mitrina, nomierina, m\u012bkstina un izl\u012bdzina \u0101das mikroreljefu. Beta\u012bns, kas ieg\u016bts no cukurbie&scaron;u sulas, nodro&scaron;ina mitrino&scaron;u, m\u012bkstino&scaron;u un nomierino&scaron;u efektu, man\u0101mi uzlabojot \u0101das izskatu. Alanto\u012bnam piem\u012bt m\u012bkstino&scaron;as un p\u012blinga \u012bpa&scaron;\u012bbas, k\u0101 rezult\u0101t\u0101 tiek sekm\u0113ta \u0101das &scaron;\u016bnu atjauno&scaron;an\u0101s, nov\u0113rsta poru aizsprosto&scaron;an\u0101s. Lieto&scaron;ana: uzkl\u0101t uz t\u012bras, sausas \u0101das vienm\u0113r\u012bgi pl\u0101n\u0101 k\u0101rt\u0101. Piem\u0113rots ikdienas lieto&scaron;anai, visiem [&#8230;]\n","protected":false},"featured_media":89186,"template":"","meta":[],"product_cat":[1390],"product_tag":[],"class_list":{"0":"post-31377","1":"product","2":"type-product","3":"status-publish","4":"has-post-thumbnail","6":"product_brand-belkosmex_by","7":"product_cat-kremai-aliejai-kuno-pienelis","9":"first","10":"outofstock","11":"taxable","12":"shipping-taxable","13":"product-type-simple"},"_links":{"self":[{"href":"https:\/\/e.kosmolat.eu\/lv\/wp-json\/wp\/v2\/product\/31377","targetHints":{"allow":["GET"]}}],"collection":[{"href":"https:\/\/e.kosmolat.eu\/lv\/wp-json\/wp\/v2\/product"}],"about":[{"href":"https:\/\/e.kosmolat.eu\/lv\/wp-json\/wp\/v2\/types\/product"}],"wp:featuredmedia":[{"embeddable":true,"href":"https:\/\/e.kosmolat.eu\/lv\/wp-json\/wp\/v2\/media\/89186"}],"wp:attachment":[{"href":"https:\/\/e.kosmolat.eu\/lv\/wp-json\/wp\/v2\/media?parent=31377"}],"wp:term":[{"taxonomy":"product_cat","embeddable":true,"href":"https:\/\/e.kosmolat.eu\/lv\/wp-json\/wp\/v2\/product_cat?post=31377"},{"taxonomy":"product_tag","embeddable":true,"href":"https:\/\/e.kosmolat.eu\/lv\/wp-json\/wp\/v2\/product_tag?post=31377"}],"curies":[{"name":"wp","href":"https:\/\/api.w.org\/{rel}","templated":true}]}}

Plant Adv. Aloe Vera Mitrin. un nomierin. ķerm. žel, 490 g

<p>Aktīvās sastāvdaļas dziļi mitrina, nomierina, mīkstina un izlīdzina ādas mikroreljefu.</p>
<ul>
<li>Betaīns, kas iegūts no cukurbie&scaron;u sulas, nodro&scaron;ina mitrino&scaron;u, mīkstino&scaron;u un nomierino&scaron;u efektu, manāmi uzlabojot ādas izskatu.</li>
<li>Alantoīnam piemīt mīkstino&scaron;as un pīlinga īpa&scaron;ības, kā rezultātā tiek sekmēta ādas &scaron;ūnu atjauno&scaron;anās, novērsta poru aizsprosto&scaron;anās.</li>
</ul>
<p><strong>Lieto&scaron;ana:</strong> uzklāt uz tīras, sausas ādas vienmērīgi plānā kārtā. Piemērots ikdienas lieto&scaron;anai, visiem ādas tipiem.&nbsp;</p>
<p>Uzglabāt t&deg; no +5 &deg;С līdz +25 &deg;С, sargājot no tie&scaron;iem saules stariem.&nbsp;<br />
&nbsp;</p>

<p>Aktīvās sastāvdaļas dziļi mitrina, nomierina, mīkstina un izlīdzina ādas mikroreljefu. Betaīns, kas iegūts no cukurbie&scaron;u sulas, nodro&scaron;ina mitrino&scaron;u, mīkstino&scaron;u un nomierino&scaron;u efektu, manāmi uzlabojot ādas izskatu. Alantoīnam piemīt mīkstino&scaron;as un pīlinga īpa&scaron;ības, kā rezultātā tiek sekmēta ādas &scaron;ūnu atjauno&scaron;anās, novērsta poru aizsprosto&scaron;anās. Lieto&scaron;ana: uzklāt uz tīras, sausas ādas vienmērīgi plānā kārtā. Piemērots ikdienas lieto&scaron;anai, visiem [&#8230;]
