{"id":41711,"date":"2023-12-23T03:25:03","date_gmt":"2023-12-23T03:25:03","guid":{"rendered":"https:\/\/e.kosmolat.eu\/product\/avenelle-kremv-koncentats-jaunai-adai-30-g\/"},"modified":"2026-01-08T15:51:58","modified_gmt":"2026-01-08T15:51:58","slug":"avenelle-kremv-koncentats-jaunai-adai-30-g","status":"publish","type":"product","link":"https:\/\/e.kosmolat.eu\/lt\/produktas\/avenelle-kremv-koncentats-jaunai-adai-30-g\/","title":{"rendered":"AVENELLE Veido kremas-koncentratas jaunai odai, 30 g"},"content":{"rendered":"<p>Pagrindiniai jaunos veido odos poreikiai yra elastingumo ir pakankamo dr\u0117gm\u0117s lygio palaikymas, gaivaus veido tono palaikymas, kova su pirmosiomis mimikos rauk&scaron;l\u0117mis, apsauga nuo aplinkos poveikio ir skaitmeninio &bdquo;sen\u0117jimo&ldquo; prevencija.<\/p>\n<ul>\n<li>Avi\u017e\u0173 ekstraktas &ndash; normalizuoja odos spalv\u0105, j\u0105 dr\u0117kina. , i&scaron;laiko elastingum\u0105.<\/li>\n<li>Aliejini\u0173 vynuogi\u0173 kauliukai &ndash; naikina &scaron;erpetojim\u0105i ir dirginim\u0105 Normalizuoja apsaugos nuo laisv\u0173j\u0173 radikal\u0173 sistem\u0105.<\/li>\n<li>Vitaminas C &ndash; pagerina veido odos b\u016bkl\u0119 d\u0117ka antioksidacin\u0117s apsaugos, padidina odos tonus\u0105, suteikia odai sveik\u0105 veido spalv\u0105.<\/li>\n<li>Vitaminas E &ndash; palaiko jaunyst\u0119 d\u0117ka aktyvaus veido odos dr\u0117kinimo, skatina &bdquo;l\u0105stelin\u012f kv\u0117pavim\u0105&ldquo;.<\/li>\n<li>Didel\u0117s molekulin\u0117s mas\u0117s hialurono r\u016bg&scaron;tis &ndash; u\u017etepus &nbsp;ant odos suformuoja neu\u017ekem&scaron;an\u010di\u0105 pl\u0117vel\u0119 optimaliam vandens main\u0173 reguliavimui, yra ilgai veikiantis dr\u0117kinamasis komponentas.<\/li>\n<\/ul>\n<p><strong>Naudojimas:<\/strong> 1. Tepkite ant gerai nuvalytos sausos veido ir kaklo odos. 2. &Scaron;velniai paskirstykite i&scaron;ilgai masa\u017eo linij\u0173.<br \/>\nGali b\u016bti naudojamas kaip makia\u017eo pagrindas. Jei atsiranda nepageidaujam\u0173 odos reakcij\u0173, nustokite naudoti kosmetikos gamin\u012f. Optimali produkto doz\u0117 ir suvartojimas yra 1-2 paspaudimai.<\/p>\n<p>Laikyti nuo +5 &deg;C iki +25 &deg;C temperat\u016broje.<\/p>\n<p><strong>Geriausias:<\/strong> 36 m\u0117nesiai nuo pagaminimo datos.<br \/>\n&nbsp;<\/p>\n","protected":false},"excerpt":{"rendered":"<p>Pagrindiniai jaunos veido odos poreikiai yra elastingumo ir pakankamo dr\u0117gm\u0117s lygio palaikymas, gaivaus veido tono palaikymas, kova su pirmosiomis mimikos rauk&scaron;l\u0117mis, apsauga nuo aplinkos poveikio ir skaitmeninio &bdquo;sen\u0117jimo&ldquo; prevencija. Avi\u017e\u0173 ekstraktas &ndash; normalizuoja odos spalv\u0105, j\u0105 dr\u0117kina. , i&scaron;laiko elastingum\u0105. Aliejini\u0173 vynuogi\u0173 kauliukai &ndash; naikina &scaron;erpetojim\u0105i ir dirginim\u0105 Normalizuoja apsaugos nuo laisv\u0173j\u0173 radikal\u0173 sistem\u0105. Vitaminas [&#8230;]\n","protected":false},"featured_media":87878,"template":"","meta":[],"product_cat":[2181],"product_tag":[],"class_list":{"0":"post-41711","1":"product","2":"type-product","3":"status-publish","4":"has-post-thumbnail","6":"product_brand-belkosmex_by-lt","7":"product_cat-bez-kategorijas-lt","9":"first","10":"outofstock","11":"taxable","12":"shipping-taxable","13":"product-type-simple"},"_links":{"self":[{"href":"https:\/\/e.kosmolat.eu\/lt\/wp-json\/wp\/v2\/product\/41711","targetHints":{"allow":["GET"]}}],"collection":[{"href":"https:\/\/e.kosmolat.eu\/lt\/wp-json\/wp\/v2\/product"}],"about":[{"href":"https:\/\/e.kosmolat.eu\/lt\/wp-json\/wp\/v2\/types\/product"}],"wp:featuredmedia":[{"embeddable":true,"href":"https:\/\/e.kosmolat.eu\/lt\/wp-json\/wp\/v2\/media\/87878"}],"wp:attachment":[{"href":"https:\/\/e.kosmolat.eu\/lt\/wp-json\/wp\/v2\/media?parent=41711"}],"wp:term":[{"taxonomy":"product_cat","embeddable":true,"href":"https:\/\/e.kosmolat.eu\/lt\/wp-json\/wp\/v2\/product_cat?post=41711"},{"taxonomy":"product_tag","embeddable":true,"href":"https:\/\/e.kosmolat.eu\/lt\/wp-json\/wp\/v2\/product_tag?post=41711"}],"curies":[{"name":"wp","href":"https:\/\/api.w.org\/{rel}","templated":true}]}}

<p>Pagrindiniai jaunos veido odos poreikiai yra elastingumo ir pakankamo drėgmės lygio palaikymas, gaivaus veido tono palaikymas, kova su pirmosiomis mimikos rauk&scaron;lėmis, apsauga nuo aplinkos poveikio ir skaitmeninio &bdquo;senėjimo&ldquo; prevencija.</p>
<ul>
<li>Avižų ekstraktas &ndash; normalizuoja odos spalvą, ją drėkina. , i&scaron;laiko elastingumą.</li>
<li>Aliejinių vynuogių kauliukai &ndash; naikina &scaron;erpetojimąi ir dirginimą Normalizuoja apsaugos nuo laisvųjų radikalų sistemą.</li>
<li>Vitaminas C &ndash; pagerina veido odos būklę dėka antioksidacinės apsaugos, padidina odos tonusą, suteikia odai sveiką veido spalvą.</li>
<li>Vitaminas E &ndash; palaiko jaunystę dėka aktyvaus veido odos drėkinimo, skatina &bdquo;ląstelinį kvėpavimą&ldquo;.</li>
<li>Didelės molekulinės masės hialurono rūg&scaron;tis &ndash; užtepus &nbsp;ant odos suformuoja neužkem&scaron;ančią plėvelę optimaliam vandens mainų reguliavimui, yra ilgai veikiantis drėkinamasis komponentas.</li>
</ul>
<p><strong>Naudojimas:</strong> 1. Tepkite ant gerai nuvalytos sausos veido ir kaklo odos. 2. &Scaron;velniai paskirstykite i&scaron;ilgai masažo linijų.<br />
Gali būti naudojamas kaip makiažo pagrindas. Jei atsiranda nepageidaujamų odos reakcijų, nustokite naudoti kosmetikos gaminį. Optimali produkto dozė ir suvartojimas yra 1-2 paspaudimai.</p>
<p>Laikyti nuo +5 &deg;C iki +25 &deg;C temperatūroje.</p>
<p><strong>Geriausias:</strong> 36 mėnesiai nuo pagaminimo datos.<br />
&nbsp;</p>

<p>Pagrindiniai jaunos veido odos poreikiai yra elastingumo ir pakankamo drėgmės lygio palaikymas, gaivaus veido tono palaikymas, kova su pirmosiomis mimikos rauk&scaron;lėmis, apsauga nuo aplinkos poveikio ir skaitmeninio &bdquo;senėjimo&ldquo; prevencija. Avižų ekstraktas &ndash; normalizuoja odos spalvą, ją drėkina. , i&scaron;laiko elastingumą. Aliejinių vynuogių kauliukai &ndash; naikina &scaron;erpetojimąi ir dirginimą Normalizuoja apsaugos nuo laisvųjų radikalų sistemą. Vitaminas [&#8230;]
